e w(10).
-1
Let f(l) = -l**2 - 5*l + 16. Calculate f(-8).
-8
Let n(x) = 24*x**2 + 5*x + 6. Calculate n(-1).
25
Let d(h) = 5*h**3 + h**2 - 4*h - 3. Calculate d(-2).
-31
Let d(u) = u**2 - 6*u - 10. Determine d(8).
6
Let m(p) = -p**3 + 4*p**2 + p - 21. Give m(3).
-9
Let b(d) = -d**3 + 13*d**2 + 12*d - 16. Give b(14).
-44
Let a(r) = r**3 - 3*r**2 - 7*r + 11. What is a(7)?
158
Let t(x) = -3*x**3 - x**2 - 2*x - 3. Determine t(-2).
21
Let i(p) = p**3 + 3*p**2 - 2*p + 1. Calculate i(3).
49
Let b(j) = j**3 + 9*j**2 - 10*j - 4. Determine b(-10).
-4
Let m(y) = 3*y**2 - 14*y - 4. What is m(5)?
1
Let v(d) = -d**2 - 8*d - 12. Calculate v(-5).
3
Let b(a) = -8*a + 17. Determine b(2).
1
Let y(t) = -t**3 - 6*t**2 - 18*t - 9. Determine y(-4).
31
Let d(b) = -4*b. What is d(-4)?
16
Let h(s) = -s + 13. Give h(9).
4
Let u(z) = z**3 + 9*z**2 + 6*z - 49. Calculate u(-7).
7
Let j(a) = a**3 - 11*a**2 + 2*a - 30. Give j(11).
-8
Let l(p) = p - 20. What is l(7)?
-13
Let k(s) = s**3 - 10*s**2 + 18*s - 20. Give k(8).
-4
Let o(n) = -3*n - 9. Determine o(-11).
24
Let c(h) = 3*h - 27. What is c(9)?
0
Let o(i) = -15*i**2 - 77*i + 6. What is o(-5)?
16
Let q(x) = -2*x**2 - 8*x + 6. Determine q(-5).
-4
Let g(t) = 2*t**3 + 4*t**2 + 3. Calculate g(-2).
3
Let m(r) = -r**2 - 14*r - 51. What is m(-11)?
-18
Let y(q) = -q**2 - 12*q + 19. Determine y(-13).
6
Let k(s) = -s**3 - 8*s**2 - 4*s + 33. Determine k(-6).
-15
Let f(i) = 6*i**2 + i - 2. Calculate f(2).
24
Let l(x) = 15*x + 139. Calculate l(-8).
19
Let m(x) = -x**3 + 19*x**2 + 20*x - 6. What is m(20)?
-6
Let u(z) = -z**3 - 13*z**2 - 21*z - 15. Calculate u(-11).
-26
Let z(k) = -2*k**3 + 24*k**2 - 23*k + 26. Give z(11).
15
Let q(y) = 11*y + 2. What is q(4)?
46
Let q(i) = 5*i**2 + 1. Determine q(0).
1
Let m(o) = o**3 + 5*o**2 - 28*o + 14. Determine m(-8).
46
Let r(b) = b**2 + 15*b + 47. Calculate r(-9).
-7
Let z(h) = -3*h + 1. Calculate z(-3).
10
Let l(c) = -c**2 + 10*c + 120. Calculate l(-7).
1
Let l(i) = -14*i + 5. Calculate l(-4).
61
Let q(h) = -2*h**2 + 34*h - 22. Determine q(15).
38
Let h(j) = j**2 - 8*j - 8. Give h(8).
-8
Let z(u) = -2*u**2 + 13*u + 14. Give z(9).
-31
Let u(j) = 29*j - 13. Give u(4).
103
Let a(s) = s - 2. What is a(-6)?
-8
Let r(c) = c + 4. Give r(-10).
-6
Let y(a) = 71*a - 145. Give y(2).
-3
Let v(o) = -o**3 + 21*o**2 - 23. Calculate v(21).
-23
Let g(m) = -2*m**2 - 12*m + 104. What is g(5)?
-6
Let y(s) = -15*s + 13. Calculate y(4).
-47
Let s(u) = u**2 - 7*u - 178. Give s(0).
-178
Let v(d) = d**3 - 8*d**2 + 4*d + 8. Calculate v(7).
-13
Let b(j) = 4*j + 5. What is b(-6)?
-19
Let l(o) = 22*o - 7. Give l(4).
81
Let n(g) = -g**2 - 8*g - 10. Calculate n(-5).
5
Let h(c) = c**2 + 8*c + 5. Calculate h(-9).
14
Let n(h) = 7*h**2 - 4*h - 4. Give n(-1).
7
Let g(j) = 10*j**3 + 4*j - 3. Calculate g(1).
11
Let b(l) = -l**3 - 11*l**2 - 7*l + 12. Calculate b(-10).
-18
Let p(x) = -x**3 - 5*x**2 + 6*x - 10. Calculate p(-6).
-10
Let o(a) = 45*a - 264. Calculate o(6).
6
Let r(v) = 3*v. Give r(6).
18
Let w(p) = -2*p - 8. Give w(6).
-20
Let m(k) = -9*k - 73. Calculate m(-8).
-1
Let w(q) = -q**3 - 8*q**2 - 7*q + 2. What is w(-7)?
2
Let w(n) = n**2 + n + 15. Determine w(0).
15
Let w(d) = d**3 - 5*d**2 + 4*d - 4. What is w(4)?
-4
Let n(a) = a**2 - 18*a - 41. What is n(20)?
-1
Let w(u) = -u**2 - 12*u - 33. Determine w(-9).
-6
Let k(p) = 60*p + 268. Give k(-4).
28
Let m(t) = t**3 - 5*t**2 + t - 53. What is m(7)?
52
Let b(u) = -11*u**2 + u + 1. Determine b(-1).
-11
Let w(y) = y**3 + 6*y**2 + 4*y - 3. Give w(-4).
13
Let c(k) = -k**2 - 12*k + 39. What is c(4)?
-25
Let q(a) = -2*a + 28. Calculate q(12).
4
Let i(v) = -v**3 - 16*v**2 + 35*v - 6. Give i(-18).
12
Let p(a) = -5*a + 20. Give p(3).
5
Let f(m) = -m - 1. What is f(-7)?
6
Let x(h) = h**2 - 8*h + 10. Calculate x(5).
-5
Let w(o) = o**3 - 9*o**2 - 11*o + 16. Determine w(10).
6
Let f(l) = -46*l. Calculate f(1).
-46
Let q(a) = -14*a + 4. What is q(1)?
-10
Let f(t) = t**2 - 21*t + 141. Give f(9).
33
Let n(l) = 3*l + 11. Determine n(-8).
-13
Let l(b) = -b**2 - 4*b - 9. Calculate l(-4).
-9
Let p(r) = -11*r + 508. Determine p(46).
2
Let c(j) = j + 6. Determine c(-1).
5
Let x(z) = 4*z**3 - 6*z**2 + 4. Give x(4).
164
Let f(l) = l**3 + 22*l**2 + 69*l - 52. Give f(-18).
2
Let m(l) = 5*l - 15. Calculate m(4).
5
Let b(z) = -z**3 - 3*z**2 - 2*z - 2. What is b(-2)?
-2
Let k(g) = 2*g**2 - 3*g - 10. What is k(-2)?
4
Let z(a) = -a**2 - 4*a. Give z(-6).
-12
Let d(j) = 2*j**2 + 44*j + 35. Determine d(-21).
-7
Let a(n) = -2*n**2 + 16*n - 2. Determine a(7).
12
Let k(b) = -b - 3. Give k(-12).
9
Let h(f) = -4*f**2 + 41*f + 33. Give h(11).
0
Let h(q) = -2*q**2 + 4*q + 28. Calculate h(-3).
-2
Let g(x) = 6*x**2 + 3*x + 3. What is g(-2)?
21
Let k(n) = -n**3 - 4*n**2 + 2*n + 4. Give k(-3).
-11
Let p(m) = m**3 - 23*m**2 + 42*m - 17. Give p(21).
-17
Let s(k) = -k**3 - k**2 + 5*k - 10. What is s(-5)?
65
Let t(h) = -3*h + 13. What is t(-7)?
34
Let m(c) = -10*c - 191. What is m(-18)?
-11
Let x(a) = a**3 + 2*a**2 - 7*a - 9. What is x(-3)?
3
Let y(v) = v**2 - 6*v + 7. Calculate y(7).
14
Let t(b) = -2*b**2 - 16*b + 29. Calculate t(-9).
11
Let q(j) = j**2 - 8*j - 19. Determine q(10).
1
Let f(v) = 11*v - 45. Give f(4).
-1
Let b(a) = -8*a + 31. Give b(7).
-25
Let p(w) = 27*w - 345. What is p(13)?
6
Let f(v) = -67*v + 1127. Give f(17).
-12
Let c(d) = -2*d - 50. Calculate c(-21).
-8
Let z(o) = o**2 - 5*o - 17. Determine z(7).
-3
Let l(j) = j**2 - j - 47. What is l(9)?
25
Let u(w) = -4*w - 16. Give u(-18).
56
Let a(i) = i**3 + 8*i**2 + 9*i + 10. What is a(-6)?
28
Let n(q) = -2*q**3 - 9*q**2 + 3*q - 12. Calculate n(-5).
-2
Let l(v) = -9*v + 426. Determine l(46).
12
Let p(u) = 5*u**2 + 6*u - 5. Calculate p(-2).
3
Let q(i) = 5*i**2 - 24*i + 40. Give q(5).
45
Let l(j) = j**3 + 41*j**2 + 39*j - 65. Give l(-40).
-25
Let u(q) = -q**3 - 2*q**2 + q - 11. What is u(0)?
-11
Let o(d) = -d**2 - 16*d - 5. Give o(-14).
23
Let i(k) = 3*k - 10. What is i(3)?
-1
Let r(w) = w**3 - 6*w**2 + w - 12. What is r(6)?
-6
Let c(n) = -n**2 - 9*n - 4. Determine c(-4).
16
Let x(o) = -o**2 - 16*o - 16. Give x(-15).
-1
Let w(l) = l**2 - 18*l + 37. Calculate w(6).
-35
Let d(k) = -4*k**2 - k + 2. Give d(2).
-16
Let g(r) = -43*r + 129. Determine g(3).
0
Let y(l) = -2*l**3 - 7*l**2 - 6*l - 2. Give y(-4).
38
Let f(t) = -t + 8. What is f(-7)?
15
Let y(f) = -10*f - 365. Calculate y(-36).
-5
Let n(y) = y**2 - 2*y - 7. Give n(4).
1
Let w(n) = -n**3 + 15*n**2 + 31*n + 44. What is w(17)?
-7
Let o(u) = -u**2 + 18*u + 14. Calculate o(10).
94
Let n(w) = -w**3 - 4*w**2 - 6*w. What is n(-1)?
3
Let a(j) = 4*j + 7. Determine a(-2).
-1
Let d(m) = 61*m - 603. What is d(10)?
7
Let t(i) = 6*i + 21. Calculate t(-5).
-9
Let u(q) = q**3 - 4*q**2 - 6*q + 12. What is u(5)?
7
Let p(i) = -i**2 - 5*i + 6. Calculate p(2).
-8
Let r(s) = -s**3 + 5*s**2 - 4*s - 7. What is r(3)?
-1
Let a(y) = 3*y + 4. Give a(-5).
-11
Let y(l) = l - 2. Calculate y(7).
5
Let h(w) = -15*w**2 + 6*w + 3. Give h(-2).
-69
Let f(l) = -3*l - 59. Give f(-10).
-29
Let i(b) = 3*b**3 + 5*b**2 + 4*b - 4. Give i(-2).
-16
Let h(y) = 8*y. Determine h(-2).
-16
Let k(z) = 2*z**3 - 13*z**2 + 6*z + 5. Give k(6).
5
Let k(t) = -2*t**2 - 14*t - 1. Calculate k(-6).
11
Let k(h) = -h**2 - 6*h + 4. Calculate k(4).
-36
Let l(b) = 2*b**2 + 60*b + 34. Determine l(-30).
34
Let p(n) = n**2 + 15*n + 55. Give p(-7).
-1
Let z(q) = q**2 - 11*q + 7. Give z(10).
-3
Let y(l) = -16*l + 43. What is y(6)?
-53
Let x(o) = o**2 - 11*o - 76. Determine x(14).
-34
Let g(m) = 2*m**3 - 14*m**2 - 12*m + 6. Give g(8).
38
Let b(i) = -3*i + 49. What is b(14)?
7
Let q(x) = 5*x - 5. Determine q(3).
10
Let n(t) = 22*t**2 - 2*t - 1. Give n(2).
83
Let p(b) = 2*b**2 - 32*b + 110. Give p(12).
14
Let l(u) = 3*u - 83. Give l(24).
-11
Let k(f) = f**3 + 14*f**2 - 3*f - 5. Give k(-14).
37
Let b(j) = -11*j - 7. Give b(-1).
4
Let l(u) = 3*u**2 - u + 14. Determine l(-6).
128
Let k(y) = y**3 - 5*y**2 + 6*y - 9. Give k(5).
21
Let p(c) = 4*c**3 + 1. Determine p(-1).
-3
Let t(i) = -i. Determine t(5).
-5
Let o(p) = p - 3. Give o(2).
-1
Let k(c) = -c**2 + 9*c + 42. Give k(-4).
-10
Let y(z) = z**3 + 13*z**2 - 34*z - 55. Determine y(-15).
5
Let p(q) = -q - 43. Determine p(-23).
-20
Let n(j) = j**3 + 6*j**2 - 10*j - 11. Calculate n(-7).
10
Let p(w) = -w**3 - 22*w**2 + 48*w - 2. Give p(-24